f 1101 and 35877186?
1101
What is the greatest common divisor of 29155 and 210?
35
Calculate the highest common divisor of 164 and 333092.
4
What is the greatest common divisor of 616 and 10847984?
56
Calculate the highest common factor of 49 and 63320635.
7
What is the greatest common factor of 22528 and 19283?
11
What is the highest common factor of 568 and 1345898152?
568
Calculate the highest common divisor of 14117 and 541025.
19
What is the greatest common divisor of 542539636 and 5028?
1676
What is the highest common divisor of 120 and 4810083?
3
What is the highest common divisor of 2940 and 127710415?
245
Calculate the highest common divisor of 424 and 110839271.
53
Calculate the highest common divisor of 750920 and 7720.
40
What is the greatest common factor of 1822 and 8288278?
1822
Calculate the highest common factor of 103373 and 31062.
167
What is the highest common divisor of 176 and 5540876?
44
Calculate the greatest common factor of 868140 and 56940.
780
Calculate the highest common factor of 30515639 and 154.
77
What is the greatest common divisor of 2287902418 and 82?
82
What is the greatest common divisor of 58598 and 117902?
706
Calculate the highest common divisor of 2336 and 32734.
2
Calculate the greatest common factor of 2150995 and 6875.
55
Calculate the highest common factor of 26031862 and 34.
34
Calculate the greatest common divisor of 41652 and 370596.
1068
Calculate the greatest common factor of 511182 and 8106.
42
Calculate the highest common factor of 414 and 15714474.
138
Calculate the greatest common divisor of 505 and 3965765.
505
Calculate the highest common divisor of 2383 and 128941747.
2383
What is the greatest common factor of 2314 and 7141550?
26
Calculate the highest common factor of 11538 and 16192942.
1282
Calculate the greatest common divisor of 63221 and 4966.
191
Calculate the highest common divisor of 51903 and 1230561.
657
Calculate the greatest common factor of 4171388 and 1552.
388
What is the highest common factor of 14683499 and 2645?
23
Calculate the highest common factor of 14 and 849392894.
14
What is the greatest common divisor of 2436 and 25688229?
609
Calculate the highest common factor of 52 and 1810562.
26
Calculate the highest common divisor of 99362604 and 6.
6
Calculate the greatest common divisor of 1414 and 392665679.
707
Calculate the highest common factor of 2832 and 4938672.
48
Calculate the greatest common factor of 826 and 2117458.
14
What is the highest common factor of 9585056 and 624?
208
What is the highest common divisor of 168 and 1278719848?
56
What is the greatest common divisor of 66851360 and 160?
160
What is the greatest common divisor of 330119556 and 244?
244
What is the highest common factor of 2171 and 7924150?
2171
What is the highest common factor of 374498059 and 2665?
533
What is the greatest common factor of 667035 and 2700?
135
What is the highest common factor of 26347009 and 15054?
2509
Calculate the highest common factor of 178 and 565769173.
89
Calculate the greatest common divisor of 645758 and 46574.
146
What is the highest common divisor of 12177 and 5433197?
451
What is the greatest common divisor of 6261528 and 185928?
1464
Calculate the highest common divisor of 5471516 and 7659.
23
Calculate the highest common factor of 163575 and 3410775.
225
What is the greatest common factor of 71069603 and 33?
11
Calculate the highest common divisor of 5194605 and 61965.
255
Calculate the highest common factor of 2890388 and 716.
4
What is the greatest common divisor of 1014 and 250518671?
169
Calculate the highest common factor of 548800 and 280574.
686
What is the greatest common divisor of 1594877916 and 2278?
2278
What is the greatest common factor of 502686 and 5102028?
4698
What is the greatest common factor of 32 and 1112974?
2
Calculate the highest common divisor of 481 and 530673.
13
What is the highest common factor of 754 and 125570?
58
Calculate the greatest common divisor of 5742125 and 4875.
125
What is the highest common divisor of 139747658 and 1796?
898
What is the highest common factor of 136 and 1440178188?
68
What is the highest common factor of 14464 and 8907225?
113
What is the highest common factor of 3744 and 589694508?
468
What is the highest common factor of 364444 and 206924?
716
What is the highest common divisor of 13481 and 35036326?
793
What is the highest common factor of 26024442 and 37314?
4146
Calculate the highest common factor of 7187557 and 2301.
767
What is the highest common factor of 2511 and 39807?
9
What is the greatest common divisor of 13941717 and 1173?
51
Calculate the highest common factor of 10369252 and 6851.
527
What is the greatest common divisor of 3822 and 22054851?
1911
Calculate the highest common factor of 527040 and 7520.
160
What is the highest common divisor of 54090386 and 5866?
5866
Calculate the highest common factor of 155 and 119319.
31
What is the greatest common factor of 7377212 and 2214?
82
Calculate the highest common factor of 6885 and 243081.
81
Calculate the greatest common divisor of 329858 and 10218.
262
Calculate the highest common factor of 438656 and 9637.
23
What is the highest common factor of 53422608 and 48?
48
What is the highest common divisor of 54631621 and 116?
29
Calculate the highest common divisor of 1719269839 and 7.
7
Calculate the highest common divisor of 75998442 and 247.
247
Calculate the greatest common divisor of 56568088 and 382.
382
What is the highest common factor of 523670 and 45556?
14
What is the highest common factor of 272 and 16465588?
68
What is the highest common divisor of 639520 and 464?
16
Calculate the greatest common divisor of 906 and 171297722.
302
What is the highest common factor of 482 and 25134854?
482
Calculate the highest common factor of 6068800 and 4800.
1600
Calculate the greatest common factor of 1500264 and 233136.
72
What is the highest common factor of 24260 and 8120?
20
What is the greatest common divisor of 362 and 563878169?
181
Calculate the highest common divisor of 68610 and 56804506.
4574
Calculate the greatest common factor of 4193 and 805.
7
What is the highest common factor of 22659651 and 74?
37
Calculate the highest common factor of 1621 and 387459525.
1621
What is the greatest common factor of 775098 and 894?
894
Calculate the greatest common divisor of 5657119 and 215656.
3851
What is the highest common factor of 3045 and 11181849?
609
Calculate the greatest common factor of 1287 and 61492563.
99
What is the greatest common factor of 1957 and 4427?
19
Calculate the greatest common divisor of 4761291388 and 343.
343
Calculate the greatest common factor of 7450 and 24055156.
298
Calculate the greatest common factor of 352 and 4881382.
22
Calculate the highest common factor of 29826 and 287406.
18
Calculate the greatest common divisor of 1080 and 33181490.
10
Calculate the highest common factor of 155190 and 176610.
210
Calculate the highest common factor of 56019 and 21165171.
213
Calculate the greatest common factor of 4686 and 21750762.
66
Calculate the highest common factor of 1457262139 and 9307.
9307
What is the greatest common divisor of 1940 and 6329140?
20
What is the highest common factor of 975851 and 20950?
419
Calculate the greatest common factor of 535101 and 291.
3
What is the highest common divisor of 4584 and 1358176?
8
What is the highest common divisor of 1449165 and 4080?
255
Calculate the greatest common factor of 6254208 and 152368.
1424
What is the highest common divisor of 3479 and 669033?
71
What is the greatest common factor of 5145 and 6980925?
105
What is the highest common factor of 340 and 425455?
5
What is the greatest common divisor of 822407483 and 6718?
3359
Calculate the greatest common factor of 12322080 and 864.
288
What is the greatest common factor of 16031055 and 493?
29
Calculate the highest common divisor of 616 and 9665337.
11
Calculate the highest common factor of 97152 and 1320154.
506
What is the highest common divisor of 53341 and 1899460?
1301
Calculate the greatest common divisor of 3 and 73002915.
3
What is the highest common factor of 3276 and 13758?
6
Calculate the highest common factor of 75 and 6366030.
15
Calculate the highest common factor of 959866 and 33